{"id":609,"date":"2012-09-22T22:04:04","date_gmt":"2012-09-22T22:04:04","guid":{"rendered":"http:\/\/4viento.info\/blog\/?p=609"},"modified":"2016-05-14T19:39:38","modified_gmt":"2016-05-15T00:39:38","slug":"temazcal-satelite-cerca-del-df","status":"publish","type":"page","link":"https:\/\/4viento.info\/blog\/temazcal-satelite-cerca-del-df\/","title":{"rendered":"Temazcal El Valle del \u00c1guila cerca de Sat\u00e9lite y del DF"},"content":{"rendered":"<div class=\"omsc-accordion\"><br \/>\n<div class=\"omsc-toggle omsc-expanded\"><div class=\"omsc-toggle-title\">Temazcal El Valle del \u00c1guila cerca del DF y de Sat\u00e9lite<\/div><div class=\"omsc-toggle-inner\" style=\"display:block\"><\/p>\n<p><span style=\"color: #ff6600; font-size: 14pt; font-family: arial,helvetica,sans-serif;\"><strong>Temazcal El Valle del \u00c1guila<br \/>\n<\/strong><\/span><span style=\"color: #ff6600; font-size: 12pt; font-family: arial,helvetica,sans-serif;\"><strong>Tepatlaxco, Naucalpan<br \/>\n<\/strong><\/span><span style=\"color: #ff6600; font-size: 12pt; font-family: arial,helvetica,sans-serif;\"><strong>A 15 minutos de Sat\u00e9lite<\/strong><\/span><span style=\"font-size: 12pt; font-family: arial,helvetica,sans-serif;\"><br \/>\nPara grupos a partir de 5 personas<\/span><\/p>\n<p><a href=\"https:\/\/4viento.info\/blog\/wp-content\/uploads\/2013\/11\/banner-joomla-temaz-21.jpg\"><img loading=\"lazy\" decoding=\"async\" class=\"aligncenter wp-image-3297\" src=\"https:\/\/4viento.info\/blog\/wp-content\/uploads\/2013\/11\/banner-joomla-temaz-21-300x92.jpg\" alt=\"banner-joomla-temaz-21.jpg\" width=\"440\" height=\"135\" \/><\/a><\/p>\n<p style=\"text-align: justify;\"><span style=\"font-size: 12pt; font-family: arial,helvetica,sans-serif;\">Disfruta del enigm\u00e1tico y fascinante temazcal ceremonial, con opci\u00f3n de una pr\u00e1ctica de yoga, un taller de danza prehisp\u00e1nica y comida depurativa. Atenci\u00f3n especial a familias y a grupos.<\/span><\/p>\n<p style=\"text-align: justify;\"><span style=\"font-size: 12pt; font-family: arial,helvetica,sans-serif;\">Nuestro temazcal est\u00e1 construido sobre un ejido otom\u00ed, custodiado por una familia guardiana de este linaje. Aqu\u00ed a\u00fan bebemos del agua de manantial, cuyo r\u00edo pasa a nuestro lado. Rodeado de imponentes serran\u00edas y bosques, sembrad\u00edos, \u00e1rboles frutales y manatiales cercanos donde se pueden comprar truchas. A\u00fan se puede ver el vuelo de halcones y \u00e1guilas en ciertas temporadas. Y todo esto incre\u00edblemente cerca del Distrito Federal.<\/span><\/p>\n<p style=\"text-align: justify;\"><span style=\"font-size: 12pt; font-family: arial,helvetica,sans-serif;\">Tenemos total seriedad en su seguridad y salud: llevamos a cabo todas las precauciones. <strong>No<\/strong> hacemos calor intenso dentro del temazcal a menos que as\u00ed nos lo pidan, para que todos lo disfruten al m\u00e1ximo. Lo habitual es comenzar con un calor ligero, y poco a poco lo vamos elevando para acostumbrarnos paulatinamente.<\/span><\/p>\n<p style=\"text-align: justify;\"><span style=\"font-size: 12pt; font-family: arial,helvetica,sans-serif;\">El ba\u00f1o de agua fr\u00eda posterior al temazcal es opcional. Para cerrar los poros de la piel ofrecemos varias alternativas por si alguien no puede tomar el ba\u00f1o de agua fr\u00eda.<br \/>\n<\/span><\/p>\n<p style=\"text-align: justify;\"><span style=\"font-size: 12pt; font-family: arial,helvetica,sans-serif;\">Mucha gente llega con la idea de relajarse, para descubrir que es mucho m\u00e1s que eso: es entrar a un espacio sagrado capaz de limpiar y purificar nuestro cuerpo, pero tambi\u00e9n nuestras emociones y pensamientos. Mucha gente nos ha dicho: &#8220;Pens\u00e9 que iba a ser bonito, pero nunca pens\u00e9 que ir\u00eda mucho m\u00e1s all\u00e1 de mis expectativas&#8221;.<\/span><\/p>\n<p><\/div><\/div><br \/>\n<div class=\"omsc-toggle\"><div class=\"omsc-toggle-title\">C\u00f3mo llegar<\/div><div class=\"omsc-toggle-inner\"><\/p>\n<p style=\"text-align: justify;\"><span style=\"font-size: 12pt; font-family: arial,helvetica,sans-serif;\"><span style=\"color: #ff6600; font-size: 14pt;\"><strong>C\u00f3mo llegar<\/strong><\/span><br \/>\n<\/span><\/p>\n<p style=\"text-align: center;\">Para llegar en auto, ver mapa:<\/p>\n<p style=\"text-align: justify;\"><span style=\"font-family: arial,helvetica,sans-serif;\"><span style=\"font-size: 12pt;\"><a href=\"https:\/\/4viento.info\/blog\/wp-content\/uploads\/2013\/08\/mapa-temazcal-la-rosa.jpg\"><img loading=\"lazy\" decoding=\"async\" class=\"aligncenter size-medium wp-image-959\" src=\"https:\/\/4viento.info\/blog\/wp-content\/uploads\/2013\/08\/mapa-temazcal-la-rosa-231x300.jpg\" alt=\"mapa temazcal la rosa\" width=\"231\" height=\"300\" srcset=\"https:\/\/4viento.info\/blog\/wp-content\/uploads\/2013\/08\/mapa-temazcal-la-rosa-231x300.jpg 231w, https:\/\/4viento.info\/blog\/wp-content\/uploads\/2013\/08\/mapa-temazcal-la-rosa-791x1024.jpg 791w, https:\/\/4viento.info\/blog\/wp-content\/uploads\/2013\/08\/mapa-temazcal-la-rosa.jpg 816w\" sizes=\"auto, (max-width: 231px) 100vw, 231px\" \/><\/a><\/span><\/span><\/p>\n<p style=\"text-align: justify;\"><span style=\"font-size: 12pt; font-family: arial,helvetica,sans-serif;\">Para llegar en cami\u00f3n. Desde el metro Toreo (Cuatro Caminos), en el and\u00e9n C comprar boleto al barrio de La Rosa de los camiones a Ixtlahuaca. El cami\u00f3n hace como media hora desde el Toreo al barrio de La Rosa. Decirle al chofer que los baje en el puente PEATONAL (en la base de taxis) de La Rosa. Atravesar la carretera, ir por el camino pavimentado, pasar frente a la primaria Narciso Basols y mas adelante est\u00e1 un terreno grande de malla cicl\u00f3nica. Ah\u00ed es el temazcal.<\/span><\/p>\n<p><\/div><\/div><br \/>\n<div class=\"omsc-toggle\"><div class=\"omsc-toggle-title\">Qu\u00e9 llevar<\/div><div class=\"omsc-toggle-inner\"><\/p>\n<p style=\"text-align: justify;\"><span style=\"font-size: 12pt; font-family: arial,helvetica,sans-serif;\"><strong><span style=\"color: #ff6600; font-size: 14pt;\">Qu\u00e9 llevar<\/span> <\/strong><br \/>\n<\/span><\/p>\n<p style=\"text-align: justify;\"><span style=\"font-size: 12pt; font-family: arial,helvetica,sans-serif;\">Llevar ropa para temazcal (Traje de ba\u00f1o o short y playera,<br \/>\n<strong>2 toallas:<\/strong> una peque\u00f1a y otra grande, chanclas, muda de ropa y ropa abrigadora).<\/span><\/p>\n<p style=\"text-align: justify;\"><span style=\"font-size: 12pt; font-family: arial,helvetica,sans-serif;\">Si va a tomar la clase de yoga, llevar pants, tenis y una colchoneta para yoga.<\/span><\/p>\n<p style=\"text-align: justify;\"><span style=\"font-size: 12pt; font-family: arial,helvetica,sans-serif;\">Desayunar ligero unas 2 horas antes de entrar al temazcal.<\/span><\/p>\n<p style=\"text-align: justify;\"><span style=\"font-size: 12pt; font-family: arial,helvetica,sans-serif;\">Puede llevar su comida o comprarla ah\u00ed.<\/span><\/p>\n<p><\/div><\/div><br \/>\n<div class=\"omsc-toggle\"><div class=\"omsc-toggle-title\">Programa sugerido<\/div><div class=\"omsc-toggle-inner\"><\/p>\n<p><span style=\"font-size: 12pt; font-family: arial,helvetica,sans-serif;\"><span style=\"color: #ff6600; font-size: 14pt;\"><strong>Programa sugerido:<\/strong><\/span><\/span><\/p>\n<table style=\"width: 508px; height: 23px;\">\n<tbody>\n<tr>\n<td valign=\"top\">\n<p style=\"text-align: left;\"><span style=\"font-size: 12pt; font-family: arial,helvetica,sans-serif;\">10:00 a.m.<\/span><\/p>\n<p style=\"text-align: left;\"><span style=\"font-size: 12pt; font-family: arial,helvetica,sans-serif;\">10:15<br \/>\n<\/span><\/p>\n<p style=\"text-align: left;\"><span style=\"font-size: 12pt; font-family: arial,helvetica,sans-serif;\">11:00<\/span><\/p>\n<p style=\"text-align: left;\"><span style=\"font-size: 12pt; font-family: arial,helvetica,sans-serif;\"><span style=\"font-size: 12pt;\">11:30<br \/>\n<\/span><\/span><\/p>\n<p style=\"text-align: left;\"><span style=\"font-size: 12pt; font-family: arial,helvetica,sans-serif;\"><br \/>\n2<span style=\"font-size: 12pt;\">:30<br \/>\n<\/span> <\/span><\/p>\n<\/td>\n<td valign=\"top\">\n<p style=\"text-align: left;\"><span style=\"font-size: 12pt; font-family: arial,helvetica,sans-serif;\">Encendido del Fuego Sagrado<\/span><\/p>\n<p style=\"text-align: left;\"><span style=\"font-size: 12pt; font-family: arial,helvetica,sans-serif;\">Clase de Yoga (opcional)<br \/>\n<\/span><\/p>\n<p style=\"text-align: left;\"><span style=\"font-size: 12pt; font-family: arial,helvetica,sans-serif;\"><span style=\"font-size: 12pt;\">Taller de Danza Prehisp\u00e1nica<\/span><\/span><\/p>\n<p style=\"text-align: left;\"><span style=\"font-size: 12pt; font-family: arial,helvetica,sans-serif;\"><span style=\"font-size: 12pt;\">Temazcal Ritual:<br \/>\n<\/span><\/span><\/p>\n<ul style=\"text-align: left;\">\n<li><span style=\"font-size: 12pt; font-family: arial,helvetica,sans-serif;\"><span style=\"font-size: 12pt;\">Saludo a los Cuatro Rumbos<\/span> <\/span><\/li>\n<li><span style=\"font-size: 12pt; font-family: arial,helvetica,sans-serif;\"><span style=\"font-size: 12pt;\">Limpia con Copal <\/span> <\/span><\/li>\n<li><span style=\"font-size: 12pt; font-family: arial,helvetica,sans-serif;\"><span style=\"font-size: 12pt;\">Cantos ancestrales <\/span> <\/span><\/li>\n<li><span style=\"font-size: 12pt; font-family: arial,helvetica,sans-serif;\"><span style=\"font-size: 12pt;\">Meditaciones <\/span> <\/span><\/li>\n<li><span style=\"font-size: 12pt; font-family: arial,helvetica,sans-serif;\"><span style=\"font-size: 12pt;\">Sabidur\u00eda ancestral <\/span> <\/span><\/li>\n<li><span style=\"font-size: 12pt; font-family: arial,helvetica,sans-serif;\"><span style=\"font-size: 12pt;\">Terapias <\/span> <\/span><\/li>\n<li><span style=\"font-size: 12pt; font-family: arial,helvetica,sans-serif;\"><span style=\"font-size: 12pt;\">Renacimiento <\/span> <\/span><\/li>\n<\/ul>\n<p style=\"text-align: left;\"><span style=\"font-size: 12pt; font-family: arial,helvetica,sans-serif;\"><span style=\"font-size: 12pt;\">Descanso y comida (opcional).<br \/>\n<\/span> <\/span><\/p>\n<\/td>\n<\/tr>\n<\/tbody>\n<\/table>\n<p><\/div><\/div><br \/>\n<div class=\"omsc-toggle\"><div class=\"omsc-toggle-title\">Recuperaci\u00f3n<\/div><div class=\"omsc-toggle-inner\"><\/p>\n<p style=\"text-align: justify;\"><span style=\"font-size: 14pt; color: #ff6600; font-family: arial,helvetica,sans-serif;\"><strong>Recuperaci\u00f3n<\/strong> <\/span><\/p>\n<p style=\"text-align: justify;\"><span style=\"font-size: 12pt; font-family: arial,helvetica,sans-serif;\">De 1 a 3 personas: $1,200.00 en total<br \/>\n<\/span><\/p>\n<p style=\"text-align: justify;\"><span style=\"font-size: 12pt; font-family: arial,helvetica,sans-serif;\">De 4 en adelante: $300.00 por persona<\/span><\/p>\n<p style=\"text-align: justify;\"><span style=\"font-size: 12pt; font-family: arial,helvetica,sans-serif;\">(Atenci\u00f3n especial a grupos de diez o m\u00e1s personas y a organizadores de grupos).<\/span><\/p>\n<p style=\"text-align: justify;\"><span style=\"font-size: 12pt; font-family: arial,helvetica,sans-serif;\">Yoga: Gratis (llevar tapete o colchoneta de yoga. <\/span><\/p>\n<p style=\"text-align: justify;\"><span style=\"font-size: 12pt; font-family: arial,helvetica,sans-serif;\">Taller de Danza prehisp\u00e1nica: Gratis.<\/span><\/p>\n<p style=\"text-align: justify;\"><span style=\"font-size: 12pt; font-family: arial,helvetica,sans-serif;\">Comida (Sopa, arroz con frijoles, pechugas empanizadas con ensalada y agua de fruta): $60 pesos por persona. Tenemos la opci\u00f3n de comida vegetariana y de variar el men\u00fa a su gusto.<\/span><\/p>\n<p><\/div><\/div><br \/>\n<div class=\"omsc-toggle\"><div class=\"omsc-toggle-title\">Reservaciones<\/div><div class=\"omsc-toggle-inner\"><\/p>\n<p style=\"text-align: justify;\"><span style=\"font-size: 12pt; font-family: arial,helvetica,sans-serif;\"><span style=\"color: #ff6600; font-size: 14pt;\"><strong>Reservaciones<\/strong><\/span><br \/>\n<\/span><\/p>\n<p style=\"text-align: justify;\"><span style=\"font-size: 12pt; font-family: arial,helvetica,sans-serif;\">No asistir sin reservar.<\/span><\/p>\n<p style=\"text-align: left;\">WhatsApp: 55 6693 5646<\/p>\n<p style=\"text-align: left;\"><strong>email: <a href=\"mailto:juan@4viento.info\">juan@4viento.info<\/a><\/strong><\/p>\n<p><\/div><\/div><br \/>\n<div class=\"omsc-toggle\"><div class=\"omsc-toggle-title\">Entrevista y video<\/div><div class=\"omsc-toggle-inner\"><\/p>\n<p><iframe loading=\"lazy\" style=\"display: block; margin-left: auto; margin-right: auto;\" src=\"https:\/\/www.youtube.com\/embed\/ArYznQIHTCM?rel=0&amp;autoplay=0\" width=\"220\" height=\"180\" frameborder=\"0\" allowfullscreen=\"allowfullscreen\"><\/iframe><\/p>\n<p style=\"text-align: center;\">Entrevista en <strong>Canal 40<\/strong> en el programa <strong>Refleja tu Salud<\/strong> con <strong>Vivian Silberstain.<\/strong><\/p>\n<p style=\"text-align: center;\"><iframe loading=\"lazy\" style=\"display: block; margin-left: auto; margin-right: auto;\" src=\"\/\/www.youtube.com\/embed\/0fS8zFJrN0U?rel=0&amp;autoplay=0\" width=\"220\" height=\"180\" frameborder=\"0\" allowfullscreen=\"allowfullscreen\"><\/iframe><strong>Video del Temazcal El Valle del \u00c1guila<\/strong><\/p>\n<p>&nbsp;<\/p>\n<p><\/div><\/div><br \/>\n<\/div>\n<p><\/p>","protected":false},"excerpt":{"rendered":"","protected":false},"author":1,"featured_media":596,"parent":0,"menu_order":7,"comment_status":"open","ping_status":"open","template":"","meta":{"footnotes":""},"class_list":["post-609","page","type-page","status-publish","has-post-thumbnail","hentry"],"aioseo_notices":[],"_links":{"self":[{"href":"https:\/\/4viento.info\/blog\/wp-json\/wp\/v2\/pages\/609","targetHints":{"allow":["GET"]}}],"collection":[{"href":"https:\/\/4viento.info\/blog\/wp-json\/wp\/v2\/pages"}],"about":[{"href":"https:\/\/4viento.info\/blog\/wp-json\/wp\/v2\/types\/page"}],"author":[{"embeddable":true,"href":"https:\/\/4viento.info\/blog\/wp-json\/wp\/v2\/users\/1"}],"replies":[{"embeddable":true,"href":"https:\/\/4viento.info\/blog\/wp-json\/wp\/v2\/comments?post=609"}],"version-history":[{"count":11,"href":"https:\/\/4viento.info\/blog\/wp-json\/wp\/v2\/pages\/609\/revisions"}],"predecessor-version":[{"id":945,"href":"https:\/\/4viento.info\/blog\/wp-json\/wp\/v2\/pages\/609\/revisions\/945"}],"wp:featuredmedia":[{"embeddable":true,"href":"https:\/\/4viento.info\/blog\/wp-json\/wp\/v2\/media\/596"}],"wp:attachment":[{"href":"https:\/\/4viento.info\/blog\/wp-json\/wp\/v2\/media?parent=609"}],"curies":[{"name":"wp","href":"https:\/\/api.w.org\/{rel}","templated":true}]}}