{"id":599,"date":"2012-09-22T21:52:15","date_gmt":"2012-09-22T21:52:15","guid":{"rendered":"http:\/\/4viento.info\/blog\/?p=599"},"modified":"2017-01-12T16:52:12","modified_gmt":"2017-01-12T22:52:12","slug":"nuestros-temazcales","status":"publish","type":"page","link":"https:\/\/4viento.info\/blog\/nuestros-temazcales\/","title":{"rendered":"Nuestros temazcales"},"content":{"rendered":"<p style=\"text-align: center;\"><a href=\"https:\/\/4viento.info\/blog\/?page_id=622\"><span style=\"color: #ff6600; font-size: 12pt; font-family: arial,helvetica,sans-serif;\"><strong><span style=\"font-size: 18pt;\"><img loading=\"lazy\" decoding=\"async\" class=\"aligncenter\" style=\"margin-top: 10px; margin-bottom: 10px;\" src=\"https:\/\/4viento.info\/images\/temazcales\/Atizapan\/temazcal%20nemiliztli%201.jpg\" alt=\"temazcal nemiliztli 1\" width=\"102\" height=\"132\" \/><\/span><\/strong><\/span><span style=\"color: #ff6600; font-size: 12pt; font-family: arial,helvetica,sans-serif;\"><strong><span style=\"font-size: 18pt;\"><br \/>\nTemazcal Nemiliztli<\/span><br \/>\n<\/strong><\/span><\/a><br \/>\n<span style=\"color: #ff6600; font-size: 12pt; font-family: arial,helvetica,sans-serif;\"><strong>Yoga, N\u00e1huatl, Cantos Ancestrales, Danza prehisp\u00e1nica, talleres, etc. (Atizap\u00e1n)<\/strong><\/span><\/p>\n<p style=\"text-align: center;\"><a href=\"https:\/\/4viento.info\/blog\/?page_id=622\"><span style=\"font-size: 10pt;\">Ver m\u00e1s sobre este temazcal<\/span><\/a><\/p>\n<p style=\"text-align: center;\"><a href=\"https:\/\/4viento.info\/blog\/?page_id=609\"><img loading=\"lazy\" decoding=\"async\" class=\"aligncenter\" style=\"margin-top: 10px; margin-bottom: 10px;\" src=\"https:\/\/4viento.info\/images\/temazcales\/Valledelaguila\/valle%20del%20aguila%201.jpg\" alt=\"valle del aguila 1\" width=\"130\" height=\"96\" \/><span style=\"text-align: center;\"><span style=\"color: #ff6600; font-size: 12pt; font-family: arial,helvetica,sans-serif;\"><strong><span style=\"font-size: 18pt;\"><br \/>\nTemazcal El Valle del \u00c1guila<br \/>\n<\/span><\/strong><\/span><\/span><\/a><a href=\"https:\/\/4viento.info\/blog\/?page_id=609\"><span style=\"text-align: center;\"><span style=\"color: #ff6600; font-size: 12pt; font-family: arial,helvetica,sans-serif;\"><span style=\"font-size: 10pt;\">Para grupos de 5 personas o m\u00e1s<\/span><\/span><\/span><\/a><\/p>\n<p style=\"text-align: center;\"><a href=\"https:\/\/4viento.info\/blog\/?page_id=609\"><span style=\"text-align: center;\"><span style=\"color: #ff6600; font-size: 12pt; font-family: arial,helvetica,sans-serif;\"><strong>Temazcal ceremonial, yoga y danza prehisp\u00e1nica (Cerca de Sat\u00e9lite y Lomas Verdes)<\/strong><\/span><\/span><\/a><\/p>\n<p style=\"text-align: center;\"><a href=\"https:\/\/4viento.info\/blog\/?page_id=609\"><span style=\"font-size: 10pt;\">Ver m\u00e1s sobre este temazcal<\/span><\/a><\/p>\n<p><\/p>","protected":false},"excerpt":{"rendered":"<p>Temazcal Nemiliztli Yoga, N\u00e1huatl, Cantos Ancestrales, Danza prehisp\u00e1nica, talleres, etc. (Atizap\u00e1n) Ver m\u00e1s sobre este temazcal Temazcal El Valle del \u00c1guila Para grupos de 5 personas o m\u00e1s Temazcal ceremonial, yoga y danza prehisp\u00e1nica (Cerca de Sat\u00e9lite y Lomas Verdes) Ver m\u00e1s sobre este temazcal<\/p>\n","protected":false},"author":1,"featured_media":595,"parent":0,"menu_order":8,"comment_status":"open","ping_status":"open","template":"","meta":{"footnotes":""},"class_list":["post-599","page","type-page","status-publish","has-post-thumbnail","hentry"],"aioseo_notices":[],"_links":{"self":[{"href":"https:\/\/4viento.info\/blog\/wp-json\/wp\/v2\/pages\/599","targetHints":{"allow":["GET"]}}],"collection":[{"href":"https:\/\/4viento.info\/blog\/wp-json\/wp\/v2\/pages"}],"about":[{"href":"https:\/\/4viento.info\/blog\/wp-json\/wp\/v2\/types\/page"}],"author":[{"embeddable":true,"href":"https:\/\/4viento.info\/blog\/wp-json\/wp\/v2\/users\/1"}],"replies":[{"embeddable":true,"href":"https:\/\/4viento.info\/blog\/wp-json\/wp\/v2\/comments?post=599"}],"version-history":[{"count":8,"href":"https:\/\/4viento.info\/blog\/wp-json\/wp\/v2\/pages\/599\/revisions"}],"predecessor-version":[{"id":4917,"href":"https:\/\/4viento.info\/blog\/wp-json\/wp\/v2\/pages\/599\/revisions\/4917"}],"wp:featuredmedia":[{"embeddable":true,"href":"https:\/\/4viento.info\/blog\/wp-json\/wp\/v2\/media\/595"}],"wp:attachment":[{"href":"https:\/\/4viento.info\/blog\/wp-json\/wp\/v2\/media?parent=599"}],"curies":[{"name":"wp","href":"https:\/\/api.w.org\/{rel}","templated":true}]}}